+ m*o + 0*o = 19, 5*o = 2*k - 90. Is k prime?
False
Suppose -4*v = -7*v. Is 254 + 1 - (-2 - v) composite?
False
Suppose 3*q = -807 - 840. Let p = -300 - q. Is p prime?
False
Let t(s) = -s**2 + 2*s. Let k be t(1). Let q be (8/20)/(k/970). Suppose 5*j - q = j. Is j composite?
False
Let z(m) = 182*m + 1. Suppose -4*s + 5*i = -24, -s - 2*s = i + 1. Let q be z(s). Suppose -5*o + q = -2*u, -3*o + 2*u + 99 = -14. Is o a composite number?
True
Let f be 2 + 0 - (-1 + 4). Let i(u) = -117*u + 1. Is i(f) composite?
True
Let a(x) = 1539*x + 4. Is a(1) a composite number?
False
Let l(n) = n**2 - 4*n. Let z be (6/(-9))/((-2)/18). Let y be (9/z + 0)*-2. Is l(y) a composite number?
True
Is ((-8)/7)/(-4) + (-54825)/(-21) composite?
True
Let h = 9 + -4. Suppose h*r - 5*l = r + 168, 2*r = 4*l + 90. Is r a prime number?
True
Let w be 10*(-2)/((-12)/(-3)). Is (-1 + -104)*w/15 composite?
True
Is (-22)/(-1 - 68/(-76)) a prime number?
False
Suppose 2*y - 546 = -3*u - 79, -5*y - 770 = -5*u. Is u a prime number?
False
Let x(d) = -d**3 + 8*d**2 - 3*d + 9. Suppose 2*t - 5*n - 1 = 9, 0 = -5*t + 4*n + 25. Suppose -t*l + 39 = 4. Is x(l) a prime number?
True
Let m(g) = -4*g**2 - 7*g. Let t(s) = 4*s**2 + 7*s - 1. Let q(z) = -5*m(z) - 4*t(z). Let v be q(-5). Suppose v = 2*a - 5. Is a composite?
False
Suppose -3*a = 5*y - 4772, -1287 + 328 = -y + 4*a. Is y prime?
False
Suppose -2*y = -34 - 114. Is y a composite number?
True
Let s(x) = 28*x - 3. Let l(p) = p - 1. Let j(d) = -2*l(d) + s(d). Let o = -5 - -6. Is j(o) a composite number?
True
Let l = 10 + -6. Suppose 4*x + 24 = 5*h + 672, l*h = x - 151. Suppose -5*y = -2*b + x - 810, y - 123 = -b. Is y a composite number?
False
Let s(h) = -5. Let z(y) = y + 14. Let m be -2 + ((-6)/2 - -2). Let q(a) = m*z(a) - 8*s(a). Is q(-9) composite?
True
Let s be (-1)/(-1) - 0 - -4. Suppose 3*r + 212 = s*t - 171, 0 = 4*t - r - 312. Is t a prime number?
True
Let t be (-26)/(-6) + (-1)/3. Let j = 4 - t. Suppose r = 3*n - 68, 2*n - 3*r - 57 = -j*r. Is n a composite number?
True
Let v = 0 + 20. Let w be (16/v)/(2/5). Suppose -34 = -2*q + t + 45, -w*q = -4*t - 94. Is q a prime number?
True
Is ((-187)/68)/((-2)/40) a composite number?
True
Suppose -6 - 454 = -5*q. Let g = q + -49. Is g composite?
False
Let b = 5 + -7. Let q be 92/(-8) - b/4. Let p = q + 24. Is p prime?
True
Let b = -38 - -179. Suppose 4*m = 2*i - m - 119, -5*i + m = -263. Suppose y + i - b = 0. Is y a prime number?
True
Suppose -2533 = -0*x - x. Is x a composite number?
True
Suppose 3*y + 4*p + 6 = 0, 4*y - 6*y - 4 = p. Let h(o) = -9*o**3 + o**2 - o. Let d be h(y). Suppose -5*a + d = -647. Is a composite?
True
Is (-5 - -8) + (1168 - (2 + -2)) composite?
False
Suppose -6*a = 5*v - a - 385, 0 = -4*v - 3*a + 310. Let c = v + 48. Is c a prime number?
True
Let u = 9 + 38. Let h = 206 + u. Is h prime?
False
Let k be 3*(0 + -2 + 3). Let o(g) = 2*g - 3*g**2 + 4*g**k + 2*g**3 - 1 - 2. Is o(2) a composite number?
False
Let j(k) = 256*k - 19. Is j(6) a prime number?
False
Let k be ((-10)/8)/(3/(-12)). Suppose k*h = -3*r + 790, 4*h - 5*r = 596 - 1. Is h a composite number?
True
Let o be 302/(3/(3/(-2))). Let g = 237 + o. Is g prime?
False
Let i = -162 - -276. Let v = i - 3. Is v prime?
False
Suppose -3*i - p - 6093 = 0, -5*p = 2*i - 2*p + 4062. Is ((-10)/(-15))/((-2)/i) a composite number?
False
Let n(v) = -v**3 - 8*v**2 + v - 27. Is n(-10) prime?
True
Let i(b) = -b**2 - b + 3. Suppose 0 = 2*z - 3*y + 3, -y + 0*y = 5*z + 16. Let k be i(z). Is ((-130)/(-15))/((-1)/k) a prime number?
False
Let c = 9 + -3. Let h be (-7)/(-1) - (-4 + c). Is 11*h/((-15)/(-9)) prime?
False
Let p(v) = v**3 + 2*v**2 - v - 1. Let i be p(-1). Let m be i/(-1)*(0 - -3). Let l(j) = -j**3 + 2*j - 2. Is l(m) composite?
False
Let t be 0*(6/(-4) - -2). Suppose 2*s = -62 + 180. Suppose s = -t*m + m. Is m composite?
False
Let y(o) = 2*o**2 - 4*o + 2. Let g be y(2). Suppose -n = -2*n + 3*p + 214, -4*p = -4*n + 824. Suppose -g*z - 8 = -n. Is z composite?
False
Suppose 3*a = 3*b + b - 19, 4*b - 12 = -4*a. Suppose 3 - 13 = -k + b*y, -2*y - 14 = -5*k. Suppose 0 = k*g - 0*g - 46. Is g a prime number?
True
Let n(i) = 13*i**3 - 5*i**2 + 5*i + 4. Let w(k) = 39*k**3 - 14*k**2 + 15*k + 11. Let j(c) = -17*n(c) + 6*w(c). Is j(3) a prime number?
True
Let h be 17/5 + 4/(-10). Suppose -5*d + 5*l - 10 = 0, -h*l - 7 = 4*d - 6*l. Is (d - (-28)/6)*69 composite?
True
Suppose -8*t - 128 = -10*t. Let a = 143 - t. Is a composite?
False
Let i(l) = -l. Let s be i(2). Suppose -u - 2*u + 159 = 0. Is -2*u*1/s a composite number?
False
Suppose 2*y - 3*q - 1504 = -3*y, -5*y + 1498 = -q. Is y a composite number?
True
Let l(x) = -5*x + 8. Is l(-9) a composite number?
False
Let m = -108 - -337. Suppose -4*f - 17 = -m. Is f a prime number?
True
Let d = 21 + -2. Is d a prime number?
True
Let d = -350 + 1215. Is d composite?
True
Let f be (0 - 3)*220/(-15). Suppose 0*w = 5*l - w - 238, -w + f = l. Let z = -33 + l. Is z a composite number?
True
Suppose -4*h + 13 = -o, 3*h - o - 1 = 2*h. Suppose -294 = -h*f + 302. Is f a composite number?
False
Is (-4)/(-3)*(-115647)/(-28) composite?
False
Let o be (0/2)/(-3 + 5). Suppose 4*x - 21 - 15 = o. Suppose -3*f - x = 0, 0 = -2*l - 2*f + 19 + 21. Is l composite?
False
Suppose 4*l - 2*p = -0*p + 6, 0 = -4*l + 3*p + 1. Is 2/(3/(474/l)) prime?
True
Suppose -2*l + 32 = 2*l. Let z = l - 6. Suppose -4*n + 45 = z*i + n, 5*i + 4*n = 87. Is i a prime number?
False
Is 158/7 - (-6)/14 composite?
False
Let c(k) = 5*k + 4. Let t be c(3). Let r = t + 39. Is 3/(-2) - r/(-4) a composite number?
False
Let z be 3/15 - (-18808)/10. Let f = z - 994. Is f a composite number?
False
Suppose -4*g + w + 936 = -3*w, -5*g + 1179 = -2*w. Is g a prime number?
False
Suppose -3*a + 317 = -256. Is a a prime number?
True
Suppose 3*b = 36 + 21. Is b prime?
True
Suppose -4*n = -5*g - 1007, -1014 = -4*n - 3*g + g. Suppose 5*x - n = -68. Let c = x - -46. Is c a prime number?
True
Let q be ((-4)/(-14))/(1/7). Suppose y = -q*y + 111. Suppose -y = 3*k - 4*k. Is k composite?
False
Let s(i) = -9*i + 44. Is s(-10) a prime number?
False
Suppose -3*r + 139 = -425. Suppose -4*u = -q - 151, u + q + r = 6*u. Is u prime?
True
Let l(h) = 4*h**2 - 2*h**2 + 1 - 4 - 11*h. Is l(-8) a prime number?
False
Let t(h) = -h**3 + 25*h**2 - 15*h + 18. Is t(23) composite?
True
Let g(f) = -3*f**2 + 6*f + 2*f**2 - 2*f. Let h be g(4). Let k = h + 7. Is k a prime number?
True
Let o = -686 + 2635. Is o prime?
True
Let v(u) = 8*u**3 + 2*u**2 - 2*u - 2. Let n be v(-2). Is 1 + 0 + n/(-3) composite?
False
Suppose -5*o - 4*h = -403 - 48, 2*o = -4*h + 178. Is o composite?
True
Let i(y) = y**3 + 3*y**2 - 7*y + 5. Is i(6) composite?
True
Let i = 8 + -5. Suppose i*w - 2*r = -2, 0 = -4*w - w + 2*r + 2. Is w prime?
True
Is (2 - (0 - -3)) + 144 a prime number?
False
Let j(c) = -c. Let f(d) = -83*d - 3. Let i(a) = f(a) - j(a). Is i(-2) composite?
True
Is (26/(-52))/(1/(-142)) a prime number?
True
Suppose -5*y - 4*k = -1089, -3*y + 69 = -k - 581. Suppose -3*r + y = -914. Is r a prime number?
False
Let b = -279 + 985. Is b a composite number?
True
Let l(t) = 74*t**2 + 3*t + 3. Let z(u) = -u - 7. Let g be z(-5). Is l(g) composite?
False
Let i(c) = -c**2 + 83 + c - c**3 - 2*c + 2*c**3. Let g(k) = k**2 + 6*k. Let o be g(-6). Is i(o) prime?
True
Let w(a) = -406*a**3 + a**2 - a - 1. Let s(h) = -h**3 + 9*h**2 - 9*h + 7. Let b be s(8). Is w(b) prime?
False
Is 650 + 4 + (-1 - 0) prime?
True
Suppose 5390 - 17298 = -4*r. Is r a composite number?
True
Suppose -35004 - 14253 = -9*u. Is u a composite number?
True
Suppose r - 2*n = 82, 3*r + 5*n - 210 = 2*n. Is r a prime number?
False
Let z(a) = -a**2 - 5*a - 2. Let y(j) = -6*j**2 - 26*j - 11. Let t be (1/(-2))/((-4)/(-16)). Let h(c) = t*y(c) + 11*z(c). Is h(5) prime?
False
Let b = -975 - -2398. Is b a composite number?
False
Suppose 4*i - 5*i = 5*b + 12, -4*i = 3*b + 14. Let k be (-3)/(-3) + -2 - i. Let l(m) = 14*m**2 + 1. Is l(k) a prime number?
False
Let r be 4*1*15/20. Suppose l - 236 = x - 5*x, r*x - 170 = l. Is x a composite number?
True
Is ((-3302)/39)/((-4)/6) composite?
False
Suppose -4*y + 0*y + 212 = 0. Suppose 3*f = 2*f + y. Let c = -28 + f. Is c a prime number?
False
Suppose -62 - 6 = -a. Suppose -a = 3*g - 233. Is g a composite number?
True
Let v = 1607 + -